= -3*g + o, 0 = -g + 5*q + 141. List the prime factors of g.
151
Let s = -4860 - -6131. List the prime factors of s.
31, 41
Let r be ((-4745)/(-20) + -1)*4. Suppose -5*k = -0*k + r. Let l = -97 - k. List the prime factors of l.
2, 23
Suppose 5*z - 3*l - 79370 = 0, -z + 15867 = 6*l - 8*l. List the prime factors of z.
15877
Suppose 0 = 4*v - 16. List the prime factors of 39173/344 + (-1)/(-2*v).
2, 3, 19
Let y = -255 + 892. Suppose -11*t + y + 1233 = 0. List the prime factors of t.
2, 5, 17
What are the prime factors of -20*26/(-2600) + 41038/10?
2, 3, 19
Let u(n) = -n**2 - 16*n + 1. Suppose -5*r = 5*z + 80, -3*r + 0*r = -z - 4. Let o be u(z). Let v = o - -41. What are the prime factors of v?
3
Suppose 67413 = 5*u - 4*t, 40452 = -30*u + 33*u - t. What are the prime factors of u?
3, 5, 29, 31
Let y(o) be the second derivative of o**4/12 - 10*o**3/3 + 7*o**2 - 9*o. Let m be y(25). Let u = m + 25. What are the prime factors of u?
2, 41
Suppose -252 = -n + 4*l, -3*n - 256 = -4*n + 2*l. Suppose -i + 4*p = -0*i - n, 1225 = 5*i - 5*p. Suppose 3*d + 3*d = i. List the prime factors of d.
2, 5
Let v = -41 + 52. Let o = v - 9. List the prime factors of 2/(16/8)*o*29.
2, 29
Let n(y) = 3*y**2 + 5. Let h be n(0). What are the prime factors of 2 + (-8)/h + (-88320)/(-200)?
2, 13, 17
Suppose w = -2*m + 135665, 5*m + 13*w - 339140 = 8*w. List the prime factors of m.
7, 11, 881
Let i(x) = -20*x**3 - 7*x**2 + 7*x + 8. What are the prime factors of i(-7)?
2, 1619
List the prime factors of (-3)/2*(-130298)/861.
227
Let j be (5 + -3)*2/(-4). Let c be ((-3)/12 - j)/((-9)/(-108)). Suppose 104 = v - c. What are the prime factors of v?
113
Let z(u) = -6219*u - 41. What are the prime factors of z(-2)?
7, 11, 23
Let d(y) = y**2 - 4*y - 3. Let s be (-130)/(-30) - (-2)/3. Let k be d(s). Suppose 7*r = -k*r + 297. List the prime factors of r.
3, 11
Suppose -82*d + 205220 = -100*d + 1720064. What are the prime factors of d?
2, 29, 1451
What are the prime factors of 7/(-4 + 213444/(-42690) + 9)?
5, 7, 1423
Let v = 215 - 201. Suppose 2*t = v*t - 8700. What are the prime factors of t?
5, 29
Let q = -1410 + 5099. Suppose 8*d - 5207 - q = 0. What are the prime factors of d?
2, 139
Let w = 23690 + -13925. What are the prime factors of w?
3, 5, 7, 31
Let q be ((-22)/(-4) + -2)/((-9)/2466). Let s = q + 1739. Suppose 5*h + s = 4*y, -5*y + 974 = 2*h - 34. List the prime factors of y.
2, 5
Let s(n) = 79*n + 15. Let r(p) = -p**2 - 7*p - 9. Let x be r(-4). Let t be s(x). Suppose 5*q = q + t. What are the prime factors of q?
3, 7
Let s = -2157 - -4524. What are the prime factors of s?
3, 263
Suppose -4 = -o, -f + 19 = 2*f + 4*o. Let i be (-369)/((2 - f)/(-1)). Suppose 1097 = 7*a + i. List the prime factors of a.
2, 13
Let c(h) = 32*h**2 - 3*h - 269. List the prime factors of c(-10).
3, 7, 47
Suppose 38*b = -84*b. Suppose t + 4 = 4*r, 0 = 2*t - 4*t + 8. Suppose -r*l + 150 + 122 = b. What are the prime factors of l?
2, 17
Let c(l) be the first derivative of 178*l**3/3 - 3*l + 103. List the prime factors of c(-2).
709
Suppose -2*s - 2*y + 8852 = 2*y, -22195 = -5*s + 3*y. Suppose -23*o + 3706 = -s. What are the prime factors of o?
2, 3, 59
Let b(t) = 86*t + 10. Let y(l) = 1. Let i(m) = b(m) + 6*y(m). Suppose -70*f + 157*f = 174. What are the prime factors of i(f)?
2, 47
Let k(i) = -2*i - 6. Let y be k(-5). Let z be ((1 + 1)*-1)/(275/22 + -13). Suppose z*c - 150 = -8*v + 7*v, -515 = -y*v + c. List the prime factors of v.
2, 5, 13
Suppose -3*m = -5*d - 18, -4*m + 7*d + 1 = 8*d. What are the prime factors of 338 + 28/(-7) - (0 - m)?
5, 67
Suppose 5*r = -4*a + 2*a - 10, -2*r = 8. Let y(z) = -z**3 + 2*z**2 + 5*z + 12. Let i be y(a). Let t = -9 - i. What are the prime factors of t?
29
Suppose -q + 7*q = 12. List the prime factors of (q/3)/((-33)/(-29007)).
2, 293
Let i(y) = 10*y**2 - 66*y + 23. Let z be i(7). Suppose -5*g + z*f + 2362 = 50*f, -g - 3*f = -466. What are the prime factors of g?
2, 59
Let c = 18467 + 16846. List the prime factors of c.
3, 79, 149
Let u = 15283 + -2972. What are the prime factors of u?
13, 947
Let d = 140 + -125. Suppose 6*c - d*c + 2538 = 0. What are the prime factors of c?
2, 3, 47
Let r = 198 + -193. Let w(p) = 4*p**2 - 4*p - 7. List the prime factors of w(r).
73
Suppose 2*o = -21 - 27. List the prime factors of 9*(-138)/o*4.
3, 23
Let s = -36935 - -62421. What are the prime factors of s?
2, 12743
Let v(a) = -a + 24. Let p be v(19). Suppose w - 14 = -f, 0 = -4*w - p*f + 37 + 18. Suppose -4*c = -w*c + 374. List the prime factors of c.
2, 17
Let f be (-9 - 7 - -13) + 361/1. Let w = f + 386. What are the prime factors of w?
2, 3, 31
Let b(d) = 6*d**2 - 9*d - 159. Let c = -447 - -434. What are the prime factors of b(c)?
2, 3
Suppose 0 = 2*c - o + 201, 5*o = c + 4*o + 101. What are the prime factors of 33340/c*10/(-2)?
1667
Suppose 2*r - 225 = -a, 0*a + 3*a = 4*r + 665. Let l = a + 267. What are the prime factors of l?
2, 5, 7
Suppose 200 = 3*n + 191, 141864 = 4*m - 4*n. List the prime factors of m.
3, 7, 563
Let x(t) = t**3 + 12*t**2 + 7*t - 22. Let n = 50 - 44. Let d = n + -17. List the prime factors of x(d).
2, 11
Let l = 55 + 182. Suppose 0 = l*q - 234*q - 1737. What are the prime factors of q?
3, 193
Let u(x) = x**2 - 29*x + 14. Let v(j) = -4*j**2 + 87*j - 47. Let s(t) = -7*u(t) - 2*v(t). List the prime factors of s(12).
2, 61
Let j(p) be the third derivative of -p**4/12 + 7*p**3/3 - 3*p**2. Let s be j(6). Suppose v + s*v - 3*u = 189, 4*v + 5*u = 234. List the prime factors of v.
61
Let p = -5425 + 10102. List the prime factors of p.
3, 1559
Let u = 283 - -5221. List the prime factors of u.
2, 43
Suppose 11*c = -61 - 49. What are the prime factors of (1 - -587)*(c + 136/12)?
2, 7
Let j = -38 + 48. Suppose -2*x = 2*l - 130, 150 = 2*l + 7*x - j*x. List the prime factors of l.
3, 23
Suppose 0 = 539*t - 280*t - 288*t + 122032. List the prime factors of t.
2, 263
Let m = 401 + 136. Let o = -81 - m. What are the prime factors of 6/(-36)*3 + o/(-4)?
2, 7, 11
Suppose 3*k + f - 4*f + 18 = 0, 4*f = -2*k + 12. Let t(d) = -d - 2. Let u be t(4). List the prime factors of (7 + u)/(k/364*-1).
2, 7, 13
Suppose -1812 = 6*a + 2700. Let z = 1522 + a. What are the prime factors of z?
2, 5, 7, 11
Let t be (-4 - (-414)/45)*(1 + 34). Suppose 4*o = 5*p - t, -3*p - 2*o = p - 130. What are the prime factors of p?
2, 17
Let w(u) = 46*u**2 - 18*u + 1132. List the prime factors of w(33).
2, 6329
Suppose q - 4*q - 35 = 5*i, 4*q = 5*i - 105. Let x be (-8)/q + 36/10. Suppose -3*h + 2*h = -2*k - 72, x*k - 160 = -2*h. List the prime factors of h.
2, 19
Let s(w) = -w - 3*w + 17 + 2*w. Suppose -4*x + 3*a = 85, -4*a = 4*x + 14 + 50. What are the prime factors of s(x)?
5, 11
Suppose 2*v + 3*b = 2*b + 23, v = -3*b + 9. Let z be 75/v - 1 - 6/(-8). Suppose u = -z*u + 413. What are the prime factors of u?
59
Suppose -2*z + 6356 = -5*y, 337 = -4*y + 353. What are the prime factors of z?
2, 797
Let y(n) = 2*n**2 + 9*n + 142. List the prime factors of y(34).
2, 3, 5, 23
Suppose 36 = -85*w + 49*w - 36. Let m be (1/(-1) - -2) + -237. What are the prime factors of (m/8 - w)/(4/(-24))?
3, 5, 11
What are the prime factors of (-264978)/(-252)*1/3*92?
2, 23, 701
Let s(d) = 11*d**2 - 172*d - 322. What are the prime factors of s(39)?
89, 109
Suppose 4*z - 2*x - 21624 = 0, 8*z = 6*z - 4*x + 10812. List the prime factors of z.
2, 3, 17, 53
Let r = 10966 + -3364. List the prime factors of r.
2, 3, 7, 181
Let a(t) = 3*t**2 - 6*t + 10. Let d(r) = 4*r - 27. Let f be d(8). Let p be a(f). What are the prime factors of (-1)/(-4) - (p/(-20))/1?
3
Let o = -7 - -1. Let p be 24/o - (-10 - -2). Suppose 2*r = -3*h + 176 + 247, p*h - 564 = 3*r. What are the prime factors of h?
3, 47
Suppose -131*u + 151182 + 20952 = 0. What are the prime factors of u?
2, 3, 73
Let t = -12624 + 27998. What are the prime factors of t?
2, 7687
Let d(p) = -p**3 + 8*p**2 + 11*p + 24. Let w be d(-8). Suppose -10*s = -2*s - w. Suppose -y + s = 4*k, -5 = 2*k + 5. What are the prime factors of y?
2, 5, 7
Let p = 9474 - -30540. List the prime factors of p.
2, 3, 13, 19
What are the prime factors of 10706*(-50)/175*28/(-8)?
2, 53, 101
Suppose 3*i + 83520 = 5*p - 84045, 2*i = p - 33506. List the prime factors of p.
2, 3, 7, 19
What are the prime factors of 2/(12